 prime?
False
Is 383251 a composite number?
True
Is 58391 composite?
False
Is 110326 composite?
True
Is 787 prime?
True
Is 414957 a prime number?
False
Is 1122031 a prime number?
False
Is 2521 a prime number?
True
Is 90257 a composite number?
True
Is 74743 prime?
False
Is 3869 a composite number?
True
Is 121571 composite?
False
Is 649169 a composite number?
True
Is 135827 a composite number?
True
Is 15661 prime?
True
Is 256499 a composite number?
False
Is 44071 a prime number?
True
Is 13613 prime?
True
Is 2965877 a prime number?
True
Is 9811 a composite number?
False
Is 236609 prime?
True
Is 3427 a prime number?
False
Is 27953 prime?
True
Is 126254 composite?
True
Is 1474157 a composite number?
True
Is 204451 prime?
False
Is 1435307 prime?
True
Is 31013 a prime number?
True
Is 49771 a composite number?
True
Is 1399 a composite number?
False
Is 94859 a composite number?
True
Is 9127 a composite number?
False
Is 314911 a prime number?
False
Is 246485 prime?
False
Is 23097 prime?
False
Is 41879 composite?
False
Is 3943 a composite number?
False
Is 6245 prime?
False
Is 287809 composite?
True
Is 1691 prime?
False
Is 301979 composite?
False
Is 605977 prime?
True
Is 3419 composite?
True
Is 244263 composite?
True
Is 162493 a composite number?
False
Is 898 composite?
True
Is 77086 a prime number?
False
Is 118153 a prime number?
False
Is 3643 a composite number?
False
Is 31967 composite?
True
Is 25637 a prime number?
False
Is 3527 a composite number?
False
Is 4427 composite?
True
Is 286973 a prime number?
True
Is 799417 a composite number?
False
Is 129863 composite?
True
Is 134077 a prime number?
True
Is 61531 prime?
False
Is 759521 composite?
True
Is 14263 composite?
True
Is 41579 composite?
False
Is 1388321 a prime number?
False
Is 6581 a composite number?
False
Is 704111 composite?
False
Is 532939 a prime number?
False
Is 77065 a prime number?
False
Is 859 a prime number?
True
Is 76333 composite?
False
Is 431237 composite?
False
Is 2949 prime?
False
Is 12053 prime?
False
Is 126215 composite?
True
Is 711209 composite?
False
Is 1070621 composite?
False
Is 3868601 a composite number?
True
Is 129517 prime?
True
Is 6557 prime?
False
Is 8486 a prime number?
False
Is 82913 a composite number?
False
Is 1009 prime?
True
Is 12401 composite?
False
Is 2179 prime?
True
Is 9533 a prime number?
True
Is 1314317 a prime number?
True
Is 9101 composite?
True
Is 3199 composite?
True
Is 179141 prime?
False
Is 14953 a prime number?
False
Is 178721 a composite number?
True
Is 25013 composite?
False
Is 2673019 a prime number?
True
Is 657973 composite?
False
Is 101419 a composite number?
False
Is 98203 composite?
True
Is 188567 a composite number?
True
Is 1495631 a composite number?
False
Is 409 a composite number?
False
Is 6773 a composite number?
True
Is 19861 a composite number?
False
Is 282559 prime?
True
Is 130173 composite?
True
Is 331927 a composite number?
True
Is 2342 prime?
False
Is 5581 a composite number?
False
Is 359897 a composite number?
False
Is 29009 prime?
True
Is 29749 prime?
False
Is 75929 prime?
False
Is 238549 prime?
False
Is 210659 a composite number?
False
Is 186299 composite?
False
Is 585121 composite?
True
Is 349474 a composite number?
True
Is 1361 prime?
True
Is 599671 a composite number?
True
Is 167435 a composite number?
True
Is 6247 prime?
True
Is 55763 composite?
False
Is 35885 composite?
True
Is 998 a composite number?
True
Is 15443 composite?
False
Is 105349 prime?
False
Is 245761 a prime number?
False
Is 1793819 a composite number?
False
Is 126421 a prime number?
True
Is 709 a composite number?
False
Is 1245403 a composite number?
True
Is 621869 a prime number?
True
Is 14693 a composite number?
True
Is 445921 a prime number?
False
Is 12661 a prime number?
False
Is 31747 a prime number?
False
Is 928639 a composite number?
True
Is 238219 composite?
True
Is 184163 prime?
False
Is 16871 a prime number?
True
Is 54709 a prime number?
True
Is 144605 prime?
False
Is 449 a prime number?
True
Is 324287 composite?
True
Is 501335 prime?
False
Is 129527 a prime number?
True
Is 10477 composite?
False
Is 13997 composite?
False
Is 305917 a prime number?
True
Is 113641 composite?
True
Is 91673 prime?
True
Is 269089 a prime number?
True
Is 135791 prime?
False
Is 23251 a prime number?
True
Is 2942 a composite number?
True
Is 863033 prime?
False
Is 19123 a prime number?
False
Is 116183 a composite number?
True
Is 434347 composite?
False
Is 2411 prime?
True
Is 6761 a prime number?
True
Is 2010647 composite?
False
Is 222553 a prime number?
True
Is 1604081 a prime number?
True
Is 36321 composite?
True
Is 3527 prime?
True
Is 84923 prime?
False
Is 7223 a composite number?
True
Is 55291 a prime number?
True
Is 16909 composite?
True
Is 27338 a composite number?
True
Is 1279 a prime number?
True
Is 3304753 composite?
True
Is 146141 a prime number?
True
Is 17881 composite?
False
Is 2419 a composite number?
True
Is 52433 composite?
False
Is 348407 a composite number?
False
Is 10639 a composite number?
False
Is 6899 a prime number?
True
Is 2083773 a composite number?
True
Is 137726 a prime number?
False
Is 349261 a composite number?
True
Is 76359 a composite number?
True
Is 42429 a composite number?
True
Is 2612399 a composite number?
False
Is 85843 a composite number?
False
Is 153943 a composite number?
True
Is 25679 composite?
False
Is 60997 a composite number?
True
Is 30467 a prime number?
True
Is 24989 a prime number?
True
Is 733511 a prime number?
True
Is 24343 a prime number?
False
Is 98981 composite?
False
Is 13555 a prime number?
False
Is 537029 prime?
True
Is 219227 a prime number?
False
Is 137483 a prime number?
True
Is 439 composite?
False
Is 27611 a prime number?
True
Is 52463 a prime number?
False
Is 12959 a composite number?
False
Is 26242 composite?
True
Is 789 a prime number?
False
Is 165761 a prime number?
False
Is 61781 composite?
False
Is 19121 prime?
True
Is 787 composite?
False
Is 80527 a composite number?
False
Is 15683 a prime number?
True
Is 121151 composite?
False
Is 148879 a prime number?
False
Is 4127 a prime number?
True
Is 739 composite?
False
Is 378699 prime?
False
Is 877 a composite number?
False
Is 54869 prime?
True
Is 523 prime?
True
Is 68711 composite?
False
Is 28639 composite?
True
Is 32117 a composite number?
False
Is 188999 a prime number?
True
Is 7411 a prime number?
True
Is 9286 prime?
False
Is 50455 prime?
False
Is 94495 composite?
True
Is 589657 a prime number?
False
Is 565177 a prime number?
True
Is 3595 a prime number?
False
Is 906247 prime?
False
Is 404773 composite?
False
Is 12791 prime?
True
Is 2423689 a composite number?
False
Is 37487 composite?
True
Is 190563 prime?
False
Is 63221 prime?
False
Is 919 a composite number?
False
Is 16327 a prime number?
False
Is 17267 prime?
False
Is 2609 a composite number?
False
Is 99321 composite?
True
Is 39307 a prime number?
False
Is 58757 prime?
True
Is 101789 composite?
False
Is 377963 composite?
False
Is 1035859 a prime number?
False
Is 77191 a composite number?
False
Is 313919 composite?
True
Is 203471 prime?
False
Is 52369 prime?
True
Is 6623 a composite number?
True
Is 51583 a composite number?
True
Is 903401 a composite number?
True
Is 752447 composite?
False
Is 19661 a prime number?
True
Is 460277 a prime number?
False
Is 18079 prime?
False
Is 3821 a prime number?
True
Is 291553 a composite number?
True
Is 276665 composite?
True
Is 1793 a prime number?
False
Is 13033 a composite number?
False
Is 102397 a prime number?
True
Is 787 a composite number?
False
Is 58885 composite?
True
Is 1949 a composite number?
False
Is 34049 a prime number?
False
Is 13841 a composite number?
False
Is 23789 prime?
True
Is 2524459 composite?
True
Is 2051 prime?
False
Is 403289 prime?
True
Is 325589 a prime number?
False
Is 580654 a prime number?
False
Is 1797 prime?
False
Is 491 prime?
True
Is 7133 a prime number?
False
Is 1968163 a prime number?
True
Is 212279 prime?
False
Is 70817 a composite number?
True
Is 9257 composite?
False
Is 14501 a composite number?
True
Is 14051 a composite number?
False
Is 2483 prime?
False
Is 2521 a prime number?
True
Is 51549 prime?
False
Is 8147 composite?
False
Is 202199 prime?
False
Is 204547 a composite number?
True
Is 311387 a composite number?
True
Is 1253 a c